3
What is the tens digit of 37/(-4)*(-2 - 2)?
3
Let a(v) = v**3 - 4*v**2 + v + 4. Let d be (-2)/4*-1*-12. Let s = 10 + d. What is the units digit of a(s)?
8
Suppose 2*j = 4*j - 12. What is the units digit of (9/(-6))/((-1)/j)?
9
Suppose 4*l + 12 = 2*m - 0*l, -4*m + 5*l + 39 = 0. Suppose -m = -7*j + 3*j. Suppose -j*q = -x - 4*x + 47, 21 = x + 5*q. What is the units digit of x?
1
Let y(b) be the third derivative of -b**6/120 - b**5/12 + b**4/8 - 4*b**3/3 - 3*b**2. What is the units digit of y(-6)?
0
Let r(v) = v**3 - 2*v**2 - v - 2. Let u be r(3). Suppose -n - u = -31. Let y = 45 - n. What is the units digit of y?
8
What is the tens digit of 91 + -4 + 0 + 8?
9
Suppose -3*f + 5*f = 10. Suppose -n - f*m = -32, -2*n + 0*n + m = -9. What is the units digit of n?
7
Suppose 4*m - 12 = -4. Suppose -m*b = -b - 7. What is the units digit of b?
7
Suppose 4*y - 24 = -0*y. Suppose 0 = 5*h, k + y*h = h + 4. Suppose -4*r - 4*o + 12 = -k, -5*o + 14 = 4*r. What is the units digit of r?
6
Let y(q) = -q**3 + 10*q**2 + 13*q - 12. Let r be y(11). Let p = r + 1. What is the units digit of p?
1
What is the units digit of 140/30*(-18)/(-4)?
1
Let k be (2 + 1)/(9/12). Suppose -k*u = -2*u + 10. Let h(l) = 2*l**2 + 6*l - 7. What is the tens digit of h(u)?
1
Let u = 77 + -7. What is the units digit of u?
0
Suppose 44 = 2*u + 4*b, 0 = -0*u + 2*u - 3*b - 37. What is the tens digit of u?
2
Let n(y) = 7*y + 7*y**2 + y**3 - y**3 + y**3 + 8. What is the units digit of n(-6)?
2
Suppose 0 = w + w + 4. Let k be (w/(-4))/(4/24). Suppose 2*u - o - k*o = 26, -3*u + 6 = 5*o. What is the units digit of u?
7
Let m = 14 + -5. What is the units digit of m?
9
Suppose 3*z - 4*u - 11 = 0, -2*z + 0*u = 4*u - 14. What is the units digit of z?
5
Let m = 58 + -39. What is the tens digit of m?
1
What is the tens digit of (-79 + 0)/(12/(-48))?
1
Suppose -932 + 32 = -3*i. What is the units digit of i?
0
Suppose 4*r - 92 = -4. What is the tens digit of r?
2
Let k(c) = c**2 - c. Let t(v) = 3*v**2 - 2*v + 2. Let s(a) = 4*k(a) - t(a). What is the units digit of s(3)?
1
Let o(q) = -q**3 + 7*q**2 + 9*q. Let l be o(8). Let p = l - -6. What is the units digit of p?
4
Suppose 7 = 5*s - 13. Suppose -5*l + j + 55 = 0, -j + 1 = -s. What is the units digit of l?
2
Let t be (-9)/(-4) - 2/8. Suppose -5*u = -u + 64. What is the tens digit of (-4 - u)*2/t?
1
Let j be 3 + (6/(-3) - -12). What is the tens digit of (4 - 2)*j/2?
1
What is the tens digit of 3/((-3)/72*-4)?
1
Let g = -7 + 2. What is the tens digit of (-8)/20*g*12?
2
Let b = -3 + 5. Suppose -b*n + 10 = 4. Suppose -n*j + j = -16. What is the units digit of j?
8
Let a(l) be the third derivative of -2*l**2 + 0 + 1/6*l**3 + 0*l + 1/24*l**4. What is the units digit of a(12)?
3
Let a = -15 + 9. Let c(i) = -i - 1. Let f be c(a). Suppose 0 = x - 3*b - 16, -x + 0*x + 22 = -f*b. What is the units digit of x?
7
Suppose h = -3*h + 16. Let j = h + 2. What is the units digit of j?
6
Let o = 15 - 2. What is the tens digit of o?
1
Let l = 43 + 10. What is the units digit of l?
3
Let h(i) = -i**2 - 9*i - 7. Let o be h(-7). Let w = -17 + 20. Let j = o - w. What is the units digit of j?
4
Let t be (-48)/(-18)*(-3)/(-2). Suppose t*i = 15 + 17. What is the units digit of i?
8
Let n = 5 + 1. Let c = 12 - n. Suppose j - r = 17, -2*r = -j + 15 + c. What is the tens digit of j?
1
Suppose -5*z = -z - 3*f + 24, 4*z = 2*f - 24. Let q = z + 8. What is the units digit of q?
2
Suppose -144*f - 208 = -145*f. What is the units digit of f?
8
Suppose 4*m = 2*u + 142, m - 4*u = -3*m + 152. Let y(a) = -a**2 - a - 1. Let v be y(3). Let n = v + m. What is the tens digit of n?
2
Suppose j + 155 = 387. What is the hundreds digit of j?
2
Let c(n) = n**3 - 4*n - 1. Let w(d) = -3*d + 0*d + 3 + 2*d + 8. Let z be w(8). What is the tens digit of c(z)?
1
Suppose 4*a = -2*d - 2, -4*a + 2*d + 0*d - 6 = 0. Let s be -2*2*a/(-4). What is the units digit of (s + -1)*1/(-2)?
1
Let p(j) = -3*j + 41. What is the units digit of p(12)?
5
Let y(q) = q - 42. Let n be y(0). What is the tens digit of 360/14 + (-12)/n?
2
Suppose -2*j - 9 = -161. What is the units digit of j?
6
Let d(a) = -a**2 + 6*a + 10. Let f be d(8). What is the tens digit of 90/(-6)*10/f?
2
Let h = -18 - -35. What is the tens digit of h?
1
Let g be (24/9)/((-2)/(-27)). Let c = -24 + g. What is the tens digit of c?
1
Let h = -36 + 109. What is the tens digit of h?
7
Let m(w) = w**3 - 2*w**2 - 2*w. Let x = 4 - 0. Let o be m(x). Suppose o = 4*f - 3*b, 0 = 2*f + 2*f + 3*b - 48. What is the units digit of f?
9
Let b = 4 + 2. Let s(k) = k**2 - 4*k - 5. Let z be s(b). Let f = z - -5. What is the units digit of f?
2
Let y(c) = -18*c**3 + c + 2. What is the tens digit of y(-1)?
1
Let w = 4 - -5. Let x(i) = i - 2*i + 3*i - 3 - w. What is the units digit of x(8)?
4
Suppose -4*i + 106 + 14 = 0. Suppose -b - i = -4*b. What is the units digit of b?
0
Let z(j) = -j**2 + 10*j - 2. What is the units digit of z(9)?
7
What is the tens digit of (-3)/(-2)*(1 - -7)?
1
Let d(w) = -39*w**3 + w**2 + 3*w - 2. Let a be d(2). What is the units digit of a/(-22) - 14/(-77)?
4
What is the units digit of (21/(-6))/((-1)/20)?
0
Let h = 2 + 5. Let v = h - 1. What is the units digit of v?
6
Let g(m) = -4 - 3*m**2 + 2*m**3 - 8 + 4*m + 8. What is the tens digit of g(3)?
3
Let v(t) = 8*t + 10. What is the units digit of v(8)?
4
Let w(m) = -m**2 + m + 4. Let t be w(0). What is the units digit of -7*((-52)/7 + t)?
4
Suppose 3*g + 0*g - o = 30, 0 = 5*g - 2*o - 51. What is the units digit of g?
9
Let d = 5 + -3. Suppose 0 = -x - 0*x + 12. Suppose 5*t + d = x. What is the units digit of t?
2
Let x(w) = -w. Suppose 3*z = 5*t - 37, -4*t + 5*t = -2*z - 3. Let m be x(z). Suppose -24 = -m*l + 2*s, s + 8 = l - 0*l. What is the units digit of l?
4
Let q = -18 - -13. Let j = q - -6. What is the units digit of (-6)/(-15)*(j - -14)?
6
Let x(y) = 2*y**2 - 5*y - 3. Let z be x(5). Let k = -10 + z. What is the tens digit of k?
1
Let l = 139 + -57. What is the tens digit of l?
8
Suppose 0 = -5*k - 4*u + 67 - 1, 3*u - 12 = 0. Let z = -18 - -29. Suppose 3*g - z = k. What is the units digit of g?
7
Let j(s) = -s**2 + 17*s - 7. What is the tens digit of j(14)?
3
Let d(k) = k + 1. Let v(p) = p**2 + 5*p - 6. Let i(h) = -5*d(h) - v(h). What is the units digit of i(-8)?
7
Let b = -9 + 1. Let g = -5 - b. Let p = 7 - g. What is the units digit of p?
4
Suppose k + 2*k = 9. Suppose 0 = -k*a + 6 - 0. What is the units digit of a?
2
What is the units digit of 2 + (5 - (-3 - -4))?
6
Let y be 27/6*(-44)/(-6). Let z = 46 - y. What is the tens digit of z?
1
Let h = 485 - 218. What is the units digit of h?
7
Suppose -24*a + 2826 = -6*a. What is the units digit of a?
7
Let r(k) = -3*k**3 + 7*k**2 + 13. Let m(x) = x**3 - 3*x**2 - 6. Let v(l) = 5*m(l) + 2*r(l). What is the tens digit of v(-3)?
1
Suppose -2*x - 4*y - 4 = 0, -5*x + y = -0*x + 10. Suppose 0 = -2*u - z - 7, -u + 3*z + 17 = -3*u. Let t = u - x. What is the units digit of t?
1
Let d be (-10)/(-8)*(3 + 1). Let q = d + -11. What is the units digit of (-20)/q*6/5?
4
Suppose 7*r = r + 300. What is the units digit of r?
0
Let c be (-6)/9 + 4/6. Suppose g - 1 = 3*t - 3*g, 2*t - 2*g = c. What is the units digit of t?
1
Suppose -19*o + 16*o + 3 = 0. What is the units digit of o?
1
Let y = 2 + 7. Suppose u + 2*u + y = 0. Let h = 1 - u. What is the units digit of h?
4
Suppose l + 3*l - 352 = 0. Suppose -3*s = -4*d + 68, 4*s - 6*s = 4*d - l. What is the tens digit of d?
2
Let j(v) = -2*v**2 + 7*v + 6. Let i(o) = 10*o**2 - 36*o - 31. Let w be 7 + -2 + -2 + -14. Let r(q) = w*j(q) - 2*i(q). What is the units digit of r(4)?
8
Let n = 0 + 5. Suppose 4*i - 3*i = s + 9, -n*i - s = -21. Suppose 0 = -4*d + 2*c + 40, i*c + 8 + 8 = 3*d. What is the tens digit of d?
1
Suppose 0 = -0*f + f - 3*b - 18, -4*f + 2*b + 32 = 0. What is the units digit of f?
6
Let x(v) = -11*v - 6. Let q(h) = -10*h - 5. Let r(w) = 6*q(w) - 5*x(w). What is the units digit of r(-2)?
0
What is the tens digit of 429/(-6*(-3)/12)?
8
Let q be (0 - -1) + 16/4. Suppose q*y = -18 + 158. What is the units digit of y?
8
Let w(r) be the first derivative of -5*r**2 - r + 3. What is the units digit of w(-1)?
9
Suppose -3*y = -2*l - 30, 5*l - 3*l = -4*y + 54. What is the tens digit of y?
1
Let c = 9 + -13. Let g = c + 3. 